ommon divisor of 9662452 and 1147?
31
Calculate the highest common factor of 5248 and 361128.
328
Calculate the highest common divisor of 517 and 55343299.
517
Calculate the highest common factor of 963929685 and 62004.
15501
Calculate the highest common factor of 56662 and 13038.
82
Calculate the greatest common factor of 5342628 and 2460.
492
What is the highest common factor of 54684 and 361116?
252
Calculate the greatest common factor of 840 and 27423480.
840
What is the highest common factor of 16 and 354846608?
16
Calculate the greatest common factor of 21533304 and 214968.
4056
What is the greatest common divisor of 3016314 and 151515?
2331
What is the greatest common factor of 21 and 7710031?
7
Calculate the greatest common divisor of 3901750 and 1250.
250
What is the highest common divisor of 2228 and 740245202?
1114
What is the greatest common divisor of 2197091446 and 33297?
11099
What is the greatest common factor of 54 and 1396969038?
54
What is the highest common factor of 50836770 and 131610?
3210
Calculate the greatest common divisor of 119 and 210006083.
119
Calculate the highest common divisor of 40483300 and 275.
275
What is the highest common divisor of 107730 and 1135782?
3078
Calculate the greatest common factor of 41 and 3583523.
41
Calculate the highest common divisor of 1665 and 50601015.
1665
Calculate the highest common divisor of 2590 and 13892830.
70
Calculate the highest common factor of 249 and 3033152.
83
Calculate the greatest common divisor of 152766 and 34224.
138
Calculate the greatest common divisor of 54450414 and 54.
54
Calculate the highest common factor of 1671882 and 25789.
629
What is the highest common divisor of 8630219 and 793?
793
Calculate the greatest common divisor of 160432 and 396744.
2168
What is the highest common factor of 22256868 and 384?
12
Calculate the greatest common divisor of 408 and 4669458.
102
What is the highest common divisor of 219 and 60304?
1
Calculate the greatest common factor of 4153689848 and 913.
913
What is the highest common divisor of 36576744 and 192?
24
Calculate the greatest common divisor of 2369 and 104374.
23
Calculate the greatest common factor of 2404457940 and 73.
73
Calculate the highest common factor of 454785 and 6075.
15
Calculate the greatest common factor of 73 and 579440420.
73
What is the greatest common divisor of 16575 and 256750?
325
What is the greatest common divisor of 47982918 and 6?
6
What is the greatest common divisor of 2566260 and 310580?
1060
Calculate the greatest common factor of 85491 and 83790.
63
What is the highest common factor of 29733 and 6733683?
561
What is the highest common divisor of 295017180 and 15?
15
Calculate the greatest common divisor of 24448 and 3843302.
382
Calculate the greatest common divisor of 590440 and 525480.
1160
Calculate the highest common divisor of 18710 and 820370.
10
What is the greatest common divisor of 9479106 and 643?
643
What is the highest common factor of 232 and 39613884?
116
What is the highest common factor of 150 and 615780?
30
Calculate the greatest common divisor of 193432 and 104.
8
Calculate the highest common divisor of 7964 and 195438551.
1991
Calculate the highest common factor of 66776641 and 971.
971
Calculate the greatest common factor of 70841496 and 68442.
4026
Calculate the highest common factor of 7479785 and 13892.
151
Calculate the highest common factor of 506232 and 486008.
632
Calculate the highest common divisor of 61 and 67035218.
61
Calculate the greatest common factor of 3360 and 41384.
56
What is the highest common divisor of 2457442 and 38493?
611
What is the greatest common factor of 7676889 and 176?
11
What is the highest common divisor of 89 and 25746810?
89
What is the greatest common factor of 306834918 and 78?
78
Calculate the greatest common factor of 42983388 and 2646.
882
What is the greatest common factor of 11 and 3047957?
11
What is the greatest common divisor of 34129200 and 336?
336
What is the greatest common divisor of 32211 and 19494?
27
What is the highest common factor of 24 and 9912495?
3
Calculate the greatest common divisor of 4043338 and 929285.
3793
What is the highest common factor of 1194701 and 7037?
227
What is the highest common divisor of 2464 and 12093004?
308
Calculate the greatest common factor of 4399073 and 19159.
833
What is the greatest common divisor of 12240224 and 32?
32
Calculate the greatest common factor of 44004 and 44548260.
2316
What is the highest common divisor of 406878 and 2073?
3
Calculate the greatest common factor of 18029 and 26983.
121
Calculate the highest common divisor of 740 and 60392140.
740
What is the greatest common divisor of 37 and 40837603?
37
What is the greatest common divisor of 1110 and 9822390?
1110
Calculate the greatest common divisor of 4347 and 1887219.
621
What is the greatest common factor of 1218329 and 7?
7
Calculate the greatest common divisor of 732 and 16739376.
732
What is the highest common divisor of 171720 and 54240?
120
Calculate the greatest common factor of 4969195 and 21835.
55
Calculate the highest common divisor of 112 and 457022888.
56
What is the highest common factor of 380938 and 918928?
158
Calculate the highest common factor of 4834087486 and 62.
62
Calculate the highest common divisor of 4378444 and 66038.
1246
Calculate the greatest common factor of 540 and 2932620.
60
Calculate the greatest common divisor of 116075 and 13325.
25
Calculate the highest common divisor of 52829728 and 224.
224
What is the highest common factor of 47128690 and 2240?
70
Calculate the greatest common factor of 2403 and 85861593.
2403
Calculate the greatest common divisor of 70 and 12384120.
70
Calculate the highest common factor of 13094 and 205438313.
6547
What is the greatest common factor of 18738 and 2856157?
347
What is the greatest common factor of 1937341888 and 1472?
1472
Calculate the highest common factor of 1945271 and 420847.
1019
What is the highest common divisor of 24174486 and 54?
18
Calculate the highest common divisor of 18 and 6219009.
9
What is the highest common divisor of 13978977 and 213?
213
Calculate the greatest common factor of 268 and 20349106.
134
What is the highest common factor of 196 and 5110532?
28
Calculate the greatest common divisor of 1567195 and 9275.
35
What is the highest common divisor of 5389 and 1885453?
17
Calculate the greatest common divisor of 8910 and 2168430.
330
Calculate the highest common factor of 1120 and 1882790.
70
Calculate the highest common factor of 4096 and 9401216.
128
Calculate the highest common divisor of 73986 and 481650.
114
Calculate the greatest common divisor of 3992012 and 36477.
193
What is the greatest common divisor of 1364314 and 1449?
161
Calculate the highest common divisor of 907 and 66760.
1
Calculate the highest common divisor of 258412303 and 131.
131
What is the greatest common factor of 60380802 and 314766?
10854
What is the greatest common factor of 2283 and 76701?
3
Calculate the greatest common divisor of 4033 and 3155659.
109
What is the greatest common factor of 28 and 921697?
7
Calculate the greatest common divisor of 1410759 and 189.
63
What is the highest common divisor of 15 and 540633135?
15
What is the greatest common divisor of 8 and 1567198?
2
What is the highest common divisor of 97 and 3431896278?
97
What is the greatest common divisor of 477327936 and 8?
8
What is the highest common factor of 8 and 6188660?
4
What is the greatest common divisor of 40 and 3697162?
2
What is the highest common divisor of 8428605 and 30?
15
What is the highest common factor of 56 and 49215418?
14
What is the highest common factor of 3879 and 2391188?
431
Calculate the greatest common divisor of 490 and 9742082.
98
Calculate the greatest common divisor of 858 and 968514.
6
Calculate the highest common factor of 3186141 and 341502.
3633
What is the highest common factor of 20874 and 13054770?
426
Calculate the highest common divisor of 30149 and 51335133.
4307
Calculate the greatest common divisor of 2578789 and 111.
37
What is the highest common factor of 1577 and 2152937?
83
Calculate the greatest common factor of 4401 and 5061313.
163
Calculate the greatest common divisor of 3008018 and 338.
26
Calculate 